{"id":4028,"date":"2025-11-22T13:55:22","date_gmt":"2025-11-22T12:55:22","guid":{"rendered":"https:\/\/www.2700kelvin.se\/home\/?page_id=4028"},"modified":"2026-03-11T12:07:01","modified_gmt":"2026-03-11T11:07:01","slug":"butik","status":"publish","type":"page","link":"https:\/\/www.2700kelvin.se\/home\/butik\/","title":{"rendered":"Butik"},"content":{"rendered":"\t\t<div data-elementor-type=\"wp-page\" data-elementor-id=\"4028\" class=\"elementor elementor-4028\">\n\t\t\t\t\t\t<section class=\"elementor-section elementor-top-section elementor-element elementor-element-02111d8 elementor-section-boxed elementor-section-height-default elementor-section-height-default\" data-id=\"02111d8\" data-element_type=\"section\">\n\t\t\t\t\t\t<div class=\"elementor-container elementor-column-gap-default\">\n\t\t\t\t\t<div class=\"elementor-column elementor-col-33 elementor-top-column elementor-element elementor-element-ade71ca\" data-id=\"ade71ca\" data-element_type=\"column\">\n\t\t\t<div class=\"elementor-widget-wrap elementor-element-populated\">\n\t\t\t\t\t\t<div class=\"elementor-element elementor-element-3703992 elementor-widget elementor-widget-image\" data-id=\"3703992\" data-element_type=\"widget\" data-widget_type=\"image.default\">\n\t\t\t\t<div class=\"elementor-widget-container\">\n\t\t\t\t\t\t\t\t\t\t\t\t\t\t\t\t<a href=\"https:\/\/www.2700kelvin.se\/home\/privat-belysningsplanering\/\">\n\t\t\t\t\t\t\t<img fetchpriority=\"high\" decoding=\"async\" width=\"640\" height=\"640\" src=\"https:\/\/www.2700kelvin.se\/wp-content\/uploads\/2025\/11\/IMG_9323.jpeg\" class=\"attachment-large size-large wp-image-4062\" alt=\"v\u00e4lplanerad ljuss\u00e4ttning g\u00f6r skillnad\" srcset=\"https:\/\/www.2700kelvin.se\/wp-content\/uploads\/2025\/11\/IMG_9323.jpeg 640w, https:\/\/www.2700kelvin.se\/wp-content\/uploads\/2025\/11\/IMG_9323-300x300.jpeg 300w, https:\/\/www.2700kelvin.se\/wp-content\/uploads\/2025\/11\/IMG_9323-150x150.jpeg 150w\" sizes=\"(max-width: 640px) 100vw, 640px\" \/>\t\t\t\t\t\t\t\t<\/a>\n\t\t\t\t\t\t\t\t\t\t\t\t\t\t\t<\/div>\n\t\t\t\t<\/div>\n\t\t\t\t<div class=\"elementor-element elementor-element-ec7cd36 elementor-widget elementor-widget-text-editor\" data-id=\"ec7cd36\" data-element_type=\"widget\" data-widget_type=\"text-editor.default\">\n\t\t\t\t<div class=\"elementor-widget-container\">\n\t\t\t\t\t\t\t\t\t<h3 style=\"text-align: center;\">Ljusdesign i Stockholm \u2013 Privatpersoner<\/h3>\t\t\t\t\t\t\t\t<\/div>\n\t\t\t\t<\/div>\n\t\t\t\t\t<\/div>\n\t\t<\/div>\n\t\t\t\t<div class=\"elementor-column elementor-col-33 elementor-top-column elementor-element elementor-element-0f0db34\" data-id=\"0f0db34\" data-element_type=\"column\">\n\t\t\t<div class=\"elementor-widget-wrap elementor-element-populated\">\n\t\t\t\t\t\t<div class=\"elementor-element elementor-element-2ae07ca elementor-widget elementor-widget-image\" data-id=\"2ae07ca\" data-element_type=\"widget\" data-widget_type=\"image.default\">\n\t\t\t\t<div class=\"elementor-widget-container\">\n\t\t\t\t\t\t\t\t\t\t\t\t\t\t\t\t<a href=\"https:\/\/www.2700kelvin.se\/home\/bostadsrattsforeningar-belysningskonsultation\/\">\n\t\t\t\t\t\t\t<img decoding=\"async\" width=\"640\" height=\"640\" src=\"https:\/\/www.2700kelvin.se\/wp-content\/uploads\/2025\/11\/IMG_4382.jpeg\" class=\"attachment-large size-large wp-image-4060\" alt=\"V\u00e5ra gemensamma utrymmen i Bostadsr\u00e4ttsf\u00f6reningen \u00e4r viktiga\" srcset=\"https:\/\/www.2700kelvin.se\/wp-content\/uploads\/2025\/11\/IMG_4382.jpeg 640w, https:\/\/www.2700kelvin.se\/wp-content\/uploads\/2025\/11\/IMG_4382-300x300.jpeg 300w, https:\/\/www.2700kelvin.se\/wp-content\/uploads\/2025\/11\/IMG_4382-150x150.jpeg 150w\" sizes=\"(max-width: 640px) 100vw, 640px\" \/>\t\t\t\t\t\t\t\t<\/a>\n\t\t\t\t\t\t\t\t\t\t\t\t\t\t\t<\/div>\n\t\t\t\t<\/div>\n\t\t\t\t<div class=\"elementor-element elementor-element-f5d59fa elementor-widget elementor-widget-text-editor\" data-id=\"f5d59fa\" data-element_type=\"widget\" data-widget_type=\"text-editor.default\">\n\t\t\t\t<div class=\"elementor-widget-container\">\n\t\t\t\t\t\t\t\t\t<h3 style=\"text-align: center;\">Ljusdesign i Stockholm \u2013 Bostadsr\u00e4ttsf\u00f6reningar<\/h3>\t\t\t\t\t\t\t\t<\/div>\n\t\t\t\t<\/div>\n\t\t\t\t\t<\/div>\n\t\t<\/div>\n\t\t\t\t<div class=\"elementor-column elementor-col-33 elementor-top-column elementor-element elementor-element-cf967d7\" data-id=\"cf967d7\" data-element_type=\"column\">\n\t\t\t<div class=\"elementor-widget-wrap elementor-element-populated\">\n\t\t\t\t\t\t<div class=\"elementor-element elementor-element-d38efb3 elementor-widget elementor-widget-image\" data-id=\"d38efb3\" data-element_type=\"widget\" data-widget_type=\"image.default\">\n\t\t\t\t<div class=\"elementor-widget-container\">\n\t\t\t\t\t\t\t\t\t\t\t\t\t\t\t\t<a href=\"https:\/\/www.2700kelvin.se\/home\/belysningskonsultation-for-foretag\/\">\n\t\t\t\t\t\t\t<img decoding=\"async\" width=\"640\" height=\"640\" src=\"https:\/\/www.2700kelvin.se\/wp-content\/uploads\/2025\/11\/IMG_1208.jpeg\" class=\"attachment-large size-large wp-image-4056\" alt=\"Arbetsplatser beh\u00f6ver variationer i ljuss\u00e4ttningen\" srcset=\"https:\/\/www.2700kelvin.se\/wp-content\/uploads\/2025\/11\/IMG_1208.jpeg 640w, https:\/\/www.2700kelvin.se\/wp-content\/uploads\/2025\/11\/IMG_1208-300x300.jpeg 300w, https:\/\/www.2700kelvin.se\/wp-content\/uploads\/2025\/11\/IMG_1208-150x150.jpeg 150w\" sizes=\"(max-width: 640px) 100vw, 640px\" \/>\t\t\t\t\t\t\t\t<\/a>\n\t\t\t\t\t\t\t\t\t\t\t\t\t\t\t<\/div>\n\t\t\t\t<\/div>\n\t\t\t\t<div class=\"elementor-element elementor-element-c144f3b elementor-widget elementor-widget-text-editor\" data-id=\"c144f3b\" data-element_type=\"widget\" data-widget_type=\"text-editor.default\">\n\t\t\t\t<div class=\"elementor-widget-container\">\n\t\t\t\t\t\t\t\t\t<h3 style=\"text-align: center;\">Ljusdesign i Stockholm \u2013 f\u00f6retag<\/h3><p>\u00a0<\/p>\t\t\t\t\t\t\t\t<\/div>\n\t\t\t\t<\/div>\n\t\t\t\t\t<\/div>\n\t\t<\/div>\n\t\t\t\t\t<\/div>\n\t\t<\/section>\n\t\t\t\t<section class=\"elementor-section elementor-top-section elementor-element elementor-element-1b4ec42 elementor-section-boxed elementor-section-height-default elementor-section-height-default\" data-id=\"1b4ec42\" data-element_type=\"section\">\n\t\t\t\t\t\t<div class=\"elementor-container elementor-column-gap-default\">\n\t\t\t\t\t<div class=\"elementor-column elementor-col-33 elementor-top-column elementor-element elementor-element-cddfb3e\" data-id=\"cddfb3e\" data-element_type=\"column\">\n\t\t\t<div class=\"elementor-widget-wrap elementor-element-populated\">\n\t\t\t\t\t\t<div class=\"elementor-element elementor-element-ff094ee elementor-widget elementor-widget-image\" data-id=\"ff094ee\" data-element_type=\"widget\" data-widget_type=\"image.default\">\n\t\t\t\t<div class=\"elementor-widget-container\">\n\t\t\t\t\t\t\t\t\t\t\t\t\t\t\t\t<a href=\"https:\/\/www.2700kelvin.se\/home\/belysningstjanster\/\" target=\"_blank\">\n\t\t\t\t\t\t\t<img loading=\"lazy\" decoding=\"async\" width=\"640\" height=\"640\" src=\"https:\/\/www.2700kelvin.se\/wp-content\/uploads\/2025\/11\/FDFCB08F-17A8-4438-93FA-ED77D26626AA.jpeg\" class=\"attachment-large size-large wp-image-4061\" alt=\"Funktions- och st\u00e4mnings ljus i tr\u00e4dg\u00e5rden\" srcset=\"https:\/\/www.2700kelvin.se\/wp-content\/uploads\/2025\/11\/FDFCB08F-17A8-4438-93FA-ED77D26626AA.jpeg 640w, https:\/\/www.2700kelvin.se\/wp-content\/uploads\/2025\/11\/FDFCB08F-17A8-4438-93FA-ED77D26626AA-300x300.jpeg 300w, https:\/\/www.2700kelvin.se\/wp-content\/uploads\/2025\/11\/FDFCB08F-17A8-4438-93FA-ED77D26626AA-150x150.jpeg 150w\" sizes=\"(max-width: 640px) 100vw, 640px\" \/>\t\t\t\t\t\t\t\t<\/a>\n\t\t\t\t\t\t\t\t\t\t\t\t\t\t\t<\/div>\n\t\t\t\t<\/div>\n\t\t\t\t<div class=\"elementor-element elementor-element-2cc6b72 elementor-widget elementor-widget-text-editor\" data-id=\"2cc6b72\" data-element_type=\"widget\" data-widget_type=\"text-editor.default\">\n\t\t\t\t<div class=\"elementor-widget-container\">\n\t\t\t\t\t\t\t\t\t<h3 style=\"text-align: center;\">Ljusdesign i Stockholm \u2013 tr\u00e4dg\u00e5rd &amp; utemilj\u00f6<\/h3>\t\t\t\t\t\t\t\t<\/div>\n\t\t\t\t<\/div>\n\t\t\t\t\t<\/div>\n\t\t<\/div>\n\t\t\t\t<div class=\"elementor-column elementor-col-33 elementor-top-column elementor-element elementor-element-57e8717\" data-id=\"57e8717\" data-element_type=\"column\">\n\t\t\t<div class=\"elementor-widget-wrap elementor-element-populated\">\n\t\t\t\t\t\t<div class=\"elementor-element elementor-element-be75d65 elementor-widget elementor-widget-image\" data-id=\"be75d65\" data-element_type=\"widget\" data-widget_type=\"image.default\">\n\t\t\t\t<div class=\"elementor-widget-container\">\n\t\t\t\t\t\t\t\t\t\t\t\t\t\t\t\t<a href=\"https:\/\/www.2700kelvin.se\/home\/onlineradgivning\/\" target=\"_blank\">\n\t\t\t\t\t\t\t<img loading=\"lazy\" decoding=\"async\" width=\"419\" height=\"419\" src=\"https:\/\/www.2700kelvin.se\/wp-content\/uploads\/2025\/11\/37FDF706-1957-4EB3-B726-BDBEBBC44526.jpeg\" class=\"attachment-large size-large wp-image-4078\" alt=\"Fokus p\u00e5 ditt hem - onlinekonsultation\" srcset=\"https:\/\/www.2700kelvin.se\/wp-content\/uploads\/2025\/11\/37FDF706-1957-4EB3-B726-BDBEBBC44526.jpeg 419w, https:\/\/www.2700kelvin.se\/wp-content\/uploads\/2025\/11\/37FDF706-1957-4EB3-B726-BDBEBBC44526-300x300.jpeg 300w, https:\/\/www.2700kelvin.se\/wp-content\/uploads\/2025\/11\/37FDF706-1957-4EB3-B726-BDBEBBC44526-150x150.jpeg 150w\" sizes=\"(max-width: 419px) 100vw, 419px\" \/>\t\t\t\t\t\t\t\t<\/a>\n\t\t\t\t\t\t\t\t\t\t\t\t\t\t\t<\/div>\n\t\t\t\t<\/div>\n\t\t\t\t<div class=\"elementor-element elementor-element-8b0744c elementor-widget elementor-widget-text-editor\" data-id=\"8b0744c\" data-element_type=\"widget\" data-widget_type=\"text-editor.default\">\n\t\t\t\t<div class=\"elementor-widget-container\">\n\t\t\t\t\t\t\t\t\t<h3 style=\"text-align: center;\">Ljusdesign Online \u2013 personlig konsultation<\/h3>\t\t\t\t\t\t\t\t<\/div>\n\t\t\t\t<\/div>\n\t\t\t\t\t<\/div>\n\t\t<\/div>\n\t\t\t\t<div class=\"elementor-column elementor-col-33 elementor-top-column elementor-element elementor-element-7cb7be1\" data-id=\"7cb7be1\" data-element_type=\"column\">\n\t\t\t<div class=\"elementor-widget-wrap elementor-element-populated\">\n\t\t\t\t\t\t<div class=\"elementor-element elementor-element-ad2f4c5 elementor-widget elementor-widget-image\" data-id=\"ad2f4c5\" data-element_type=\"widget\" data-widget_type=\"image.default\">\n\t\t\t\t<div class=\"elementor-widget-container\">\n\t\t\t\t\t\t\t\t\t\t\t\t\t\t\t\t<a href=\"https:\/\/www.2700kelvin.se\/home\/belysningstjanster\/\" target=\"_blank\">\n\t\t\t\t\t\t\t<img loading=\"lazy\" decoding=\"async\" width=\"640\" height=\"640\" src=\"https:\/\/www.2700kelvin.se\/wp-content\/uploads\/2025\/11\/IMG_5656.jpeg\" class=\"attachment-large size-large wp-image-4065\" alt=\"Ljuss\u00e4ttning av v\u00e4ggar och konst g\u00f6r skillnad\" srcset=\"https:\/\/www.2700kelvin.se\/wp-content\/uploads\/2025\/11\/IMG_5656.jpeg 640w, https:\/\/www.2700kelvin.se\/wp-content\/uploads\/2025\/11\/IMG_5656-300x300.jpeg 300w, https:\/\/www.2700kelvin.se\/wp-content\/uploads\/2025\/11\/IMG_5656-150x150.jpeg 150w\" sizes=\"(max-width: 640px) 100vw, 640px\" \/>\t\t\t\t\t\t\t\t<\/a>\n\t\t\t\t\t\t\t\t\t\t\t\t\t\t\t<\/div>\n\t\t\t\t<\/div>\n\t\t\t\t<div class=\"elementor-element elementor-element-9a632a9 elementor-widget elementor-widget-text-editor\" data-id=\"9a632a9\" data-element_type=\"widget\" data-widget_type=\"text-editor.default\">\n\t\t\t\t<div class=\"elementor-widget-container\">\n\t\t\t\t\t\t\t\t\t<h3 style=\"text-align: center;\">Personlig ljusdesign \u2013 belysning av konstverk<\/h3>\t\t\t\t\t\t\t\t<\/div>\n\t\t\t\t<\/div>\n\t\t\t\t\t<\/div>\n\t\t<\/div>\n\t\t\t\t\t<\/div>\n\t\t<\/section>\n\t\t\t\t<section class=\"elementor-section elementor-top-section elementor-element elementor-element-5fb9f2b elementor-section-boxed elementor-section-height-default elementor-section-height-default\" data-id=\"5fb9f2b\" data-element_type=\"section\">\n\t\t\t\t\t\t<div class=\"elementor-container elementor-column-gap-default\">\n\t\t\t\t\t<div class=\"elementor-column elementor-col-33 elementor-top-column elementor-element elementor-element-50821c5\" data-id=\"50821c5\" data-element_type=\"column\">\n\t\t\t<div class=\"elementor-widget-wrap elementor-element-populated\">\n\t\t\t\t\t\t<div class=\"elementor-element elementor-element-f431c01 elementor-widget elementor-widget-image\" data-id=\"f431c01\" data-element_type=\"widget\" data-widget_type=\"image.default\">\n\t\t\t\t<div class=\"elementor-widget-container\">\n\t\t\t\t\t\t\t\t\t\t\t\t\t\t\t\t<a href=\"https:\/\/www.2700kelvin.se\/home\/forelasningar-och-workshops\/\" target=\"_blank\">\n\t\t\t\t\t\t\t<img loading=\"lazy\" decoding=\"async\" width=\"640\" height=\"640\" src=\"https:\/\/www.2700kelvin.se\/wp-content\/uploads\/2025\/11\/IMG_0213.jpeg\" class=\"attachment-large size-large wp-image-4067\" alt=\"F\u00f6rel\u00e4sningar och workshop om ljusdesign\" srcset=\"https:\/\/www.2700kelvin.se\/wp-content\/uploads\/2025\/11\/IMG_0213.jpeg 640w, https:\/\/www.2700kelvin.se\/wp-content\/uploads\/2025\/11\/IMG_0213-300x300.jpeg 300w, https:\/\/www.2700kelvin.se\/wp-content\/uploads\/2025\/11\/IMG_0213-150x150.jpeg 150w\" sizes=\"(max-width: 640px) 100vw, 640px\" \/>\t\t\t\t\t\t\t\t<\/a>\n\t\t\t\t\t\t\t\t\t\t\t\t\t\t\t<\/div>\n\t\t\t\t<\/div>\n\t\t\t\t<div class=\"elementor-element elementor-element-e47d705 elementor-widget elementor-widget-text-editor\" data-id=\"e47d705\" data-element_type=\"widget\" data-widget_type=\"text-editor.default\">\n\t\t\t\t<div class=\"elementor-widget-container\">\n\t\t\t\t\t\t\t\t\t<h3 style=\"text-align: center;\">Ljusdesign och ljuss\u00e4ttning-\u00a0 f\u00f6rel\u00e4sningar,\u00a0 workshops och skr\u00e4ddarsydda utbildningar\u00a0<\/h3>\t\t\t\t\t\t\t\t<\/div>\n\t\t\t\t<\/div>\n\t\t\t\t\t<\/div>\n\t\t<\/div>\n\t\t\t\t<div class=\"elementor-column elementor-col-33 elementor-top-column elementor-element elementor-element-6a6cd83\" data-id=\"6a6cd83\" data-element_type=\"column\">\n\t\t\t<div class=\"elementor-widget-wrap elementor-element-populated\">\n\t\t\t\t\t\t<div class=\"elementor-element elementor-element-bfaa733 elementor-widget elementor-widget-image\" data-id=\"bfaa733\" data-element_type=\"widget\" data-widget_type=\"image.default\">\n\t\t\t\t<div class=\"elementor-widget-container\">\n\t\t\t\t\t\t\t\t\t\t\t\t\t\t\t\t<a href=\"https:\/\/www.2700kelvin.se\/home\/belysningshjalp_via_email\/\" target=\"_blank\">\n\t\t\t\t\t\t\t<img loading=\"lazy\" decoding=\"async\" width=\"640\" height=\"640\" src=\"https:\/\/www.2700kelvin.se\/wp-content\/uploads\/2025\/11\/IMG_5154.jpeg\" class=\"attachment-large size-large wp-image-4064\" alt=\"Variation av belysningen \u00e4r A-O n\u00e4r vi planera ljuss\u00e4ttningen\" srcset=\"https:\/\/www.2700kelvin.se\/wp-content\/uploads\/2025\/11\/IMG_5154.jpeg 640w, https:\/\/www.2700kelvin.se\/wp-content\/uploads\/2025\/11\/IMG_5154-300x300.jpeg 300w, https:\/\/www.2700kelvin.se\/wp-content\/uploads\/2025\/11\/IMG_5154-150x150.jpeg 150w\" sizes=\"(max-width: 640px) 100vw, 640px\" \/>\t\t\t\t\t\t\t\t<\/a>\n\t\t\t\t\t\t\t\t\t\t\t\t\t\t\t<\/div>\n\t\t\t\t<\/div>\n\t\t\t\t<div class=\"elementor-element elementor-element-0bf34e4 elementor-widget elementor-widget-text-editor\" data-id=\"0bf34e4\" data-element_type=\"widget\" data-widget_type=\"text-editor.default\">\n\t\t\t\t<div class=\"elementor-widget-container\">\n\t\t\t\t\t\t\t\t\t<h3 style=\"text-align: center;\">Ljusdesign Online \u2013 personlig r\u00e5dgivning via mail<\/h3>\t\t\t\t\t\t\t\t<\/div>\n\t\t\t\t<\/div>\n\t\t\t\t\t<\/div>\n\t\t<\/div>\n\t\t\t\t<div class=\"elementor-column elementor-col-33 elementor-top-column elementor-element elementor-element-3b63f01\" data-id=\"3b63f01\" data-element_type=\"column\">\n\t\t\t<div class=\"elementor-widget-wrap elementor-element-populated\">\n\t\t\t\t\t\t<div class=\"elementor-element elementor-element-cfa44a1 elementor-widget elementor-widget-image\" data-id=\"cfa44a1\" data-element_type=\"widget\" data-widget_type=\"image.default\">\n\t\t\t\t<div class=\"elementor-widget-container\">\n\t\t\t\t\t\t\t\t\t\t\t\t\t\t\t\t<a href=\"https:\/\/www.2700kelvin.se\/home\/presentkort\/\" target=\"_blank\">\n\t\t\t\t\t\t\t<img loading=\"lazy\" decoding=\"async\" width=\"300\" height=\"300\" src=\"https:\/\/www.2700kelvin.se\/wp-content\/uploads\/2025\/11\/IMG_0799-300x300.jpeg\" class=\"attachment-medium size-medium wp-image-4075\" alt=\"Presentkort, en lysande gave\" srcset=\"https:\/\/www.2700kelvin.se\/wp-content\/uploads\/2025\/11\/IMG_0799-300x300.jpeg 300w, https:\/\/www.2700kelvin.se\/wp-content\/uploads\/2025\/11\/IMG_0799-1024x1024.jpeg 1024w, https:\/\/www.2700kelvin.se\/wp-content\/uploads\/2025\/11\/IMG_0799-150x150.jpeg 150w, https:\/\/www.2700kelvin.se\/wp-content\/uploads\/2025\/11\/IMG_0799-768x768.jpeg 768w, https:\/\/www.2700kelvin.se\/wp-content\/uploads\/2025\/11\/IMG_0799-1536x1536.jpeg 1536w, https:\/\/www.2700kelvin.se\/wp-content\/uploads\/2025\/11\/IMG_0799-1080x1080.jpeg 1080w, https:\/\/www.2700kelvin.se\/wp-content\/uploads\/2025\/11\/IMG_0799.jpeg 1835w\" sizes=\"(max-width: 300px) 100vw, 300px\" \/>\t\t\t\t\t\t\t\t<\/a>\n\t\t\t\t\t\t\t\t\t\t\t\t\t\t\t<\/div>\n\t\t\t\t<\/div>\n\t\t\t\t<div class=\"elementor-element elementor-element-4116f42 elementor-widget elementor-widget-text-editor\" data-id=\"4116f42\" data-element_type=\"widget\" data-widget_type=\"text-editor.default\">\n\t\t\t\t<div class=\"elementor-widget-container\">\n\t\t\t\t\t\t\t\t\t<h3 style=\"text-align: center;\">Onlinekurs i ljusdesign<\/h3>\t\t\t\t\t\t\t\t<\/div>\n\t\t\t\t<\/div>\n\t\t\t\t\t<\/div>\n\t\t<\/div>\n\t\t\t\t\t<\/div>\n\t\t<\/section>\n\t\t\t\t<\/div>\n\t\t","protected":false},"excerpt":{"rendered":"<p>Ljusdesign i Stockholm \u2013 Privatpersoner Ljusdesign i Stockholm \u2013 Bostadsr\u00e4ttsf\u00f6reningar Ljusdesign i Stockholm \u2013 f\u00f6retag \u00a0 Ljusdesign i Stockholm \u2013 tr\u00e4dg\u00e5rd &amp; utemilj\u00f6 Ljusdesign Online \u2013 personlig konsultation Personlig ljusdesign \u2013 belysning av konstverk Ljusdesign och ljuss\u00e4ttning-\u00a0 f\u00f6rel\u00e4sningar,\u00a0 workshops och skr\u00e4ddarsydda utbildningar\u00a0 Ljusdesign Online \u2013 personlig r\u00e5dgivning via mail Onlinekurs i ljusdesign<\/p>\n","protected":false},"author":1,"featured_media":3646,"parent":0,"menu_order":0,"comment_status":"closed","ping_status":"closed","template":"","meta":{"_acf_changed":false,"_mo_disable_npp":"","om_disable_all_campaigns":false,"_monsterinsights_skip_tracking":false,"_monsterinsights_sitenote_active":false,"_monsterinsights_sitenote_note":"","_monsterinsights_sitenote_category":0,"_uf_show_specific_survey":0,"_uf_disable_surveys":false,"_themeisle_gutenberg_block_has_review":false,"footnotes":""},"class_list":["post-4028","page","type-page","status-publish","has-post-thumbnail","hentry"],"acf":[],"aioseo_notices":[],"_links":{"self":[{"href":"https:\/\/www.2700kelvin.se\/home\/wp-json\/wp\/v2\/pages\/4028","targetHints":{"allow":["GET"]}}],"collection":[{"href":"https:\/\/www.2700kelvin.se\/home\/wp-json\/wp\/v2\/pages"}],"about":[{"href":"https:\/\/www.2700kelvin.se\/home\/wp-json\/wp\/v2\/types\/page"}],"author":[{"embeddable":true,"href":"https:\/\/www.2700kelvin.se\/home\/wp-json\/wp\/v2\/users\/1"}],"replies":[{"embeddable":true,"href":"https:\/\/www.2700kelvin.se\/home\/wp-json\/wp\/v2\/comments?post=4028"}],"version-history":[{"count":73,"href":"https:\/\/www.2700kelvin.se\/home\/wp-json\/wp\/v2\/pages\/4028\/revisions"}],"predecessor-version":[{"id":4469,"href":"https:\/\/www.2700kelvin.se\/home\/wp-json\/wp\/v2\/pages\/4028\/revisions\/4469"}],"wp:featuredmedia":[{"embeddable":true,"href":"https:\/\/www.2700kelvin.se\/home\/wp-json\/wp\/v2\/media\/3646"}],"wp:attachment":[{"href":"https:\/\/www.2700kelvin.se\/home\/wp-json\/wp\/v2\/media?parent=4028"}],"curies":[{"name":"wp","href":"https:\/\/api.w.org\/{rel}","templated":true}]}}