{"id":25,"date":"2016-03-25T19:44:30","date_gmt":"2016-03-25T18:44:30","guid":{"rendered":"https:\/\/www.2700kelvin.se\/?page_id=25"},"modified":"2026-02-06T14:31:13","modified_gmt":"2026-02-06T13:31:13","slug":"privat-belysningsplanering","status":"publish","type":"page","link":"https:\/\/www.2700kelvin.se\/home\/privat-belysningsplanering\/","title":{"rendered":"Belysningskonsultation Privatpersoner"},"content":{"rendered":"\t\t<div data-elementor-type=\"wp-page\" data-elementor-id=\"25\" class=\"elementor elementor-25\">\n\t\t\t\t\t\t<section class=\"elementor-section elementor-top-section elementor-element elementor-element-292862af elementor-section-boxed elementor-section-height-default elementor-section-height-default\" data-id=\"292862af\" data-element_type=\"section\">\n\t\t\t\t\t\t<div class=\"elementor-container elementor-column-gap-default\">\n\t\t\t\t\t<div class=\"elementor-column elementor-col-100 elementor-top-column elementor-element elementor-element-53ee6183\" data-id=\"53ee6183\" data-element_type=\"column\">\n\t\t\t<div class=\"elementor-widget-wrap\">\n\t\t\t\t\t\t\t<\/div>\n\t\t<\/div>\n\t\t\t\t\t<\/div>\n\t\t<\/section>\n\t\t\t\t<section class=\"elementor-section elementor-top-section elementor-element elementor-element-01bdf1b elementor-section-boxed elementor-section-height-default elementor-section-height-default\" data-id=\"01bdf1b\" data-element_type=\"section\">\n\t\t\t\t\t\t<div class=\"elementor-container elementor-column-gap-default\">\n\t\t\t\t\t<div class=\"elementor-column elementor-col-100 elementor-top-column elementor-element elementor-element-41c8519\" data-id=\"41c8519\" data-element_type=\"column\">\n\t\t\t<div class=\"elementor-widget-wrap elementor-element-populated\">\n\t\t\t\t\t\t<div class=\"elementor-element elementor-element-5db39956 elementor-widget elementor-widget-text-editor\" data-id=\"5db39956\" data-element_type=\"widget\" data-widget_type=\"text-editor.default\">\n\t\t\t\t<div class=\"elementor-widget-container\">\n\t\t\t\t\t\t\t\t\t<p>Hj\u00e4lp med belysningskonsultation f\u00f6r dig som privatperson, antingen p\u00e5 plast i <strong>Stockholm<\/strong> med omnejd eller online. Vi anpassar oss helt utifr\u00e5n vad just er bostad beh\u00f6ver och era specifika belysningsbehov och \u00f6nskem\u00e5l.<\/p><p><span style=\"font-weight: 400;\">I belysningsplaneringen tas h\u00e4nsyn till interi\u00f6r eller exteri\u00f6r. 2700 kelvin \u00e4r leverant\u00f6rsoberoende d\u00e4r m\u00e5let \u00e4r att f\u00f6rb\u00e4ttra ljuss\u00e4ttning, och inte f\u00f6rs\u00e4ljning av lampor. Dock har jag ett mycket gott samarbete med v\u00e4lsorterade lampbutiker och webbutiker, liksom duktiga elektriker om det skulle beh\u00f6vas. Tveka inte att h\u00f6ra av dig!<\/span><\/p><p>\u00a0<\/p>\t\t\t\t\t\t\t\t<\/div>\n\t\t\t\t<\/div>\n\t\t\t\t<div class=\"elementor-element elementor-element-facf2f2 elementor-widget elementor-widget-shortcode\" data-id=\"facf2f2\" data-element_type=\"widget\" data-widget_type=\"shortcode.default\">\n\t\t\t\t<div class=\"elementor-widget-container\">\n\t\t\t\t\t\t\t<div class=\"elementor-shortcode\">                <div class=\"ml-embedded\" data-form=\"caWlNM\"><\/div>\n            <\/div>\n\t\t\t\t\t\t<\/div>\n\t\t\t\t<\/div>\n\t\t\t\t\t<\/div>\n\t\t<\/div>\n\t\t\t\t\t<\/div>\n\t\t<\/section>\n\t\t\t\t<section class=\"elementor-section elementor-top-section elementor-element elementor-element-d706aef elementor-section-boxed elementor-section-height-default elementor-section-height-default\" data-id=\"d706aef\" data-element_type=\"section\">\n\t\t\t\t\t\t<div class=\"elementor-container elementor-column-gap-default\">\n\t\t\t\t\t<div class=\"elementor-column elementor-col-100 elementor-top-column elementor-element elementor-element-ec7fff2\" data-id=\"ec7fff2\" data-element_type=\"column\">\n\t\t\t<div class=\"elementor-widget-wrap elementor-element-populated\">\n\t\t\t\t\t\t<div class=\"elementor-element elementor-element-70342ec elementor-widget elementor-widget-heading\" data-id=\"70342ec\" data-element_type=\"widget\" data-widget_type=\"heading.default\">\n\t\t\t\t<div class=\"elementor-widget-container\">\n\t\t\t\t\t<h2 class=\"elementor-heading-title elementor-size-default\">Belysningskonsultation p\u00e5 plats i befintlig bostad<\/h2>\t\t\t\t<\/div>\n\t\t\t\t<\/div>\n\t\t\t\t\t<\/div>\n\t\t<\/div>\n\t\t\t\t\t<\/div>\n\t\t<\/section>\n\t\t\t\t<section class=\"elementor-section elementor-top-section elementor-element elementor-element-7644146 elementor-section-boxed elementor-section-height-default elementor-section-height-default\" data-id=\"7644146\" data-element_type=\"section\">\n\t\t\t\t\t\t<div class=\"elementor-container elementor-column-gap-default\">\n\t\t\t\t\t<div class=\"elementor-column elementor-col-100 elementor-top-column elementor-element elementor-element-d8a9599\" data-id=\"d8a9599\" data-element_type=\"column\">\n\t\t\t<div class=\"elementor-widget-wrap elementor-element-populated\">\n\t\t\t\t\t\t<div class=\"elementor-element elementor-element-03e5f75 elementor-widget__width-initial elementor-widget elementor-widget-text-editor\" data-id=\"03e5f75\" data-element_type=\"widget\" data-widget_type=\"text-editor.default\">\n\t\t\t\t<div class=\"elementor-widget-container\">\n\t\t\t\t\t\t\t\t\t<p><span style=\"letter-spacing: 0px; word-spacing: 0.1em;\">Med begr\u00e4nsade insatser i b\u00e5de tid och kostnader g\u00e5r det att skapa funktionell och trivsam belysning. Konsultationen tar 1 \u2013 1.5 timme d\u00e4r vi tillsammans diskuterar hur man p\u00e5 b\u00e4sta s\u00e4tt nyttjar bostadens naturliga ljus och f\u00f6ruts\u00e4ttningar, som s\u00e5klart med familjens behov som fokus och utg\u00e5ngspunkt. Vi tittar p\u00e5 ljuss\u00e4ttning och ljusk\u00e4llor och ni f\u00e5r f\u00f6rslag p\u00e5 typ av armaturer. Troligen har ni idag armaturer som kan anv\u00e4nds fram\u00f6ver men eventuellt b\u00f6r ocks\u00e5 nya anskaffas. Om s\u00e5 \u00f6nskas kan ni efter konsultationen f\u00e5 en kort skriftlig sammanfattning. Vi kan \u00e4ven ta nytt m\u00f6te i lampbutik, och d\u00e4r vi tillsammans tittar p\u00e5 armaturer.<\/span><\/p><p>\u00a0<\/p>\t\t\t\t\t\t\t\t<\/div>\n\t\t\t\t<\/div>\n\t\t\t\t\t<\/div>\n\t\t<\/div>\n\t\t\t\t\t<\/div>\n\t\t<\/section>\n\t\t\t\t<section class=\"elementor-section elementor-top-section elementor-element elementor-element-bc636a0 elementor-section-boxed elementor-section-height-default elementor-section-height-default\" data-id=\"bc636a0\" data-element_type=\"section\">\n\t\t\t\t\t\t<div class=\"elementor-container elementor-column-gap-default\">\n\t\t\t\t\t<div class=\"elementor-column elementor-col-100 elementor-top-column elementor-element elementor-element-a3a3629\" data-id=\"a3a3629\" data-element_type=\"column\">\n\t\t\t<div class=\"elementor-widget-wrap elementor-element-populated\">\n\t\t\t\t\t\t<div class=\"elementor-element elementor-element-fae601c elementor-widget elementor-widget-heading\" data-id=\"fae601c\" data-element_type=\"widget\" data-widget_type=\"heading.default\">\n\t\t\t\t<div class=\"elementor-widget-container\">\n\t\t\t\t\t<h3 class=\"elementor-heading-title elementor-size-default\">Pris f\u00f6r belysningskonsultation i befintlig bostad<\/h3>\t\t\t\t<\/div>\n\t\t\t\t<\/div>\n\t\t\t\t\t<\/div>\n\t\t<\/div>\n\t\t\t\t\t<\/div>\n\t\t<\/section>\n\t\t\t\t<section class=\"elementor-section elementor-top-section elementor-element elementor-element-f651678 elementor-section-boxed elementor-section-height-default elementor-section-height-default\" data-id=\"f651678\" data-element_type=\"section\">\n\t\t\t\t\t\t<div class=\"elementor-container elementor-column-gap-default\">\n\t\t\t\t\t<div class=\"elementor-column elementor-col-100 elementor-top-column elementor-element elementor-element-2c897ad\" data-id=\"2c897ad\" data-element_type=\"column\">\n\t\t\t<div class=\"elementor-widget-wrap elementor-element-populated\">\n\t\t\t\t\t\t<div class=\"elementor-element elementor-element-1e24c38 elementor-widget elementor-widget-text-editor\" data-id=\"1e24c38\" data-element_type=\"widget\" data-widget_type=\"text-editor.default\">\n\t\t\t\t<div class=\"elementor-widget-container\">\n\t\t\t\t\t\t\t\t\t<p>Pris fr\u00e5n 4 100kr.\u00a0Kontakta mig f\u00f6r detaljerat offert med prisf\u00f6rslag<\/p><p>\u00a0<\/p>\t\t\t\t\t\t\t\t<\/div>\n\t\t\t\t<\/div>\n\t\t\t\t\t<\/div>\n\t\t<\/div>\n\t\t\t\t\t<\/div>\n\t\t<\/section>\n\t\t\t\t<section class=\"elementor-section elementor-top-section elementor-element elementor-element-0dc388c elementor-section-boxed elementor-section-height-default elementor-section-height-default\" data-id=\"0dc388c\" data-element_type=\"section\">\n\t\t\t\t\t\t<div class=\"elementor-container elementor-column-gap-default\">\n\t\t\t\t\t<div class=\"elementor-column elementor-col-100 elementor-top-column elementor-element elementor-element-6c5b84d\" data-id=\"6c5b84d\" data-element_type=\"column\">\n\t\t\t<div class=\"elementor-widget-wrap elementor-element-populated\">\n\t\t\t\t\t\t<div class=\"elementor-element elementor-element-4c93d25 elementor-widget elementor-widget-heading\" data-id=\"4c93d25\" data-element_type=\"widget\" data-widget_type=\"heading.default\">\n\t\t\t\t<div class=\"elementor-widget-container\">\n\t\t\t\t\t<h2 class=\"elementor-heading-title elementor-size-default\">Belysningskonsultation vid renovering\/nybygge\n<\/h2>\t\t\t\t<\/div>\n\t\t\t\t<\/div>\n\t\t\t\t\t<\/div>\n\t\t<\/div>\n\t\t\t\t\t<\/div>\n\t\t<\/section>\n\t\t\t\t<section class=\"elementor-section elementor-top-section elementor-element elementor-element-5335d9a elementor-section-boxed elementor-section-height-default elementor-section-height-default\" data-id=\"5335d9a\" data-element_type=\"section\">\n\t\t\t\t\t\t<div class=\"elementor-container elementor-column-gap-default\">\n\t\t\t\t\t<div class=\"elementor-column elementor-col-100 elementor-top-column elementor-element elementor-element-d9f26e7\" data-id=\"d9f26e7\" data-element_type=\"column\">\n\t\t\t<div class=\"elementor-widget-wrap elementor-element-populated\">\n\t\t\t\t\t\t<div class=\"elementor-element elementor-element-60231fd elementor-widget__width-initial elementor-widget elementor-widget-text-editor\" data-id=\"60231fd\" data-element_type=\"widget\" data-widget_type=\"text-editor.default\">\n\t\t\t\t<div class=\"elementor-widget-container\">\n\t\t\t\t\t\t\t\t\t<p>Vid en belysningskonsultation under en renovering eller ett nybygge, g\u00f6rs ett hembes\u00f6k med efterf\u00f6ljande skriftlig redog\u00f6relse utifr\u00e5n de id\u00e9er och f\u00f6rslag till f\u00f6r\u00e4ndringar vi kommit fram till. H\u00e4r kan jag antingen vara med under ett m\u00f6te och agera bollplank eller finnas tillg\u00e4nglig under hela byggprojektet, fr\u00e5n skiss till genomf\u00f6rande, med tips och r\u00e5d p\u00e5 enkla belysnings\u00e5tg\u00e4rder utifr\u00e5n era behov, som kan lyfta fram det viktiga i er bostad.<\/p><p>\u00a0<\/p>\t\t\t\t\t\t\t\t<\/div>\n\t\t\t\t<\/div>\n\t\t\t\t\t<\/div>\n\t\t<\/div>\n\t\t\t\t\t<\/div>\n\t\t<\/section>\n\t\t\t\t<section class=\"elementor-section elementor-top-section elementor-element elementor-element-2a84b7c elementor-section-boxed elementor-section-height-default elementor-section-height-default\" data-id=\"2a84b7c\" data-element_type=\"section\">\n\t\t\t\t\t\t<div class=\"elementor-container elementor-column-gap-default\">\n\t\t\t\t\t<div class=\"elementor-column elementor-col-100 elementor-top-column elementor-element elementor-element-5c61546\" data-id=\"5c61546\" data-element_type=\"column\">\n\t\t\t<div class=\"elementor-widget-wrap elementor-element-populated\">\n\t\t\t\t\t\t<div class=\"elementor-element elementor-element-b8829b9 elementor-widget elementor-widget-heading\" data-id=\"b8829b9\" data-element_type=\"widget\" data-widget_type=\"heading.default\">\n\t\t\t\t<div class=\"elementor-widget-container\">\n\t\t\t\t\t<h3 class=\"elementor-heading-title elementor-size-default\">Pris f\u00f6r belysningskonsultation vid renovering eller nybygge<\/h3>\t\t\t\t<\/div>\n\t\t\t\t<\/div>\n\t\t\t\t\t<\/div>\n\t\t<\/div>\n\t\t\t\t\t<\/div>\n\t\t<\/section>\n\t\t\t\t<section class=\"elementor-section elementor-top-section elementor-element elementor-element-019e633 elementor-section-boxed elementor-section-height-default elementor-section-height-default\" data-id=\"019e633\" data-element_type=\"section\">\n\t\t\t\t\t\t<div class=\"elementor-container elementor-column-gap-default\">\n\t\t\t\t\t<div class=\"elementor-column elementor-col-100 elementor-top-column elementor-element elementor-element-5adec4c\" data-id=\"5adec4c\" data-element_type=\"column\">\n\t\t\t<div class=\"elementor-widget-wrap elementor-element-populated\">\n\t\t\t\t\t\t<div class=\"elementor-element elementor-element-88e19fa elementor-widget__width-initial elementor-widget elementor-widget-text-editor\" data-id=\"88e19fa\" data-element_type=\"widget\" data-widget_type=\"text-editor.default\">\n\t\t\t\t<div class=\"elementor-widget-container\">\n\t\t\t\t\t\t\t\t\t<p>Pris fr\u00e5n 4 400kr. Kontakta mig f\u00f6r detaljerat offert med prisf\u00f6rslag<\/p><p>\u00a0<\/p>\t\t\t\t\t\t\t\t<\/div>\n\t\t\t\t<\/div>\n\t\t\t\t\t<\/div>\n\t\t<\/div>\n\t\t\t\t\t<\/div>\n\t\t<\/section>\n\t\t\t\t<section class=\"elementor-section elementor-top-section elementor-element elementor-element-1e04abc elementor-section-boxed elementor-section-height-default elementor-section-height-default\" data-id=\"1e04abc\" data-element_type=\"section\">\n\t\t\t\t\t\t<div class=\"elementor-container elementor-column-gap-default\">\n\t\t\t\t\t<div class=\"elementor-column elementor-col-100 elementor-top-column elementor-element elementor-element-0588c1f\" data-id=\"0588c1f\" data-element_type=\"column\">\n\t\t\t<div class=\"elementor-widget-wrap elementor-element-populated\">\n\t\t\t\t\t\t<div class=\"elementor-element elementor-element-ecc7a3e elementor-widget elementor-widget-heading\" data-id=\"ecc7a3e\" data-element_type=\"widget\" data-widget_type=\"heading.default\">\n\t\t\t\t<div class=\"elementor-widget-container\">\n\t\t\t\t\t<h2 class=\"elementor-heading-title elementor-size-default\">Belysningskonsultation online<\/h2>\t\t\t\t<\/div>\n\t\t\t\t<\/div>\n\t\t\t\t\t<\/div>\n\t\t<\/div>\n\t\t\t\t\t<\/div>\n\t\t<\/section>\n\t\t\t\t<section class=\"elementor-section elementor-top-section elementor-element elementor-element-f05977a elementor-section-boxed elementor-section-height-default elementor-section-height-default\" data-id=\"f05977a\" data-element_type=\"section\">\n\t\t\t\t\t\t<div class=\"elementor-container elementor-column-gap-default\">\n\t\t\t\t\t<div class=\"elementor-column elementor-col-100 elementor-top-column elementor-element elementor-element-9cc9a90\" data-id=\"9cc9a90\" data-element_type=\"column\">\n\t\t\t<div class=\"elementor-widget-wrap elementor-element-populated\">\n\t\t\t\t\t\t<div class=\"elementor-element elementor-element-d7d3e57 elementor-widget__width-initial elementor-widget elementor-widget-text-editor\" data-id=\"d7d3e57\" data-element_type=\"widget\" data-widget_type=\"text-editor.default\">\n\t\t\t\t<div class=\"elementor-widget-container\">\n\t\t\t\t\t\t\t\t\t<p>En belysningskonsultation online \u00e4r l\u00e4mplig f\u00f6r dig som inte bor n\u00e4ra Stockholm och \u00e4r intresserad av att f\u00e5 inblick i ljusplaneringens och ljuss\u00e4ttningens sk\u00f6na v\u00e4rld. V\u00e5rt samarbete sker per telefon och webb, och d\u00e4r vi d\u00e5 jobbar med hj\u00e4lp av fr\u00e4mst bilder och ev. ritningar. M\u00e5ls\u00e4ttningen med denna konsultation \u00e4r att att du ska f\u00e5 tips, r\u00e5d och ide\u00e9r utifr\u00e5n ditt hem och dina belysningsbehov, som enkelt kan genomf\u00f6ras direkt Du f\u00e5r tips och ideer fr\u00e5n mitt hem. Kontakta mig f\u00f6r detaljerat offert med prisf\u00f6rslag.<\/p><p>\u00a0<\/p>\t\t\t\t\t\t\t\t<\/div>\n\t\t\t\t<\/div>\n\t\t\t\t\t<\/div>\n\t\t<\/div>\n\t\t\t\t\t<\/div>\n\t\t<\/section>\n\t\t\t\t<section class=\"elementor-section elementor-top-section elementor-element elementor-element-2046035 elementor-section-boxed elementor-section-height-default elementor-section-height-default\" data-id=\"2046035\" data-element_type=\"section\">\n\t\t\t\t\t\t<div class=\"elementor-container elementor-column-gap-default\">\n\t\t\t\t\t<div class=\"elementor-column elementor-col-100 elementor-top-column elementor-element elementor-element-a5e5bc4\" data-id=\"a5e5bc4\" data-element_type=\"column\">\n\t\t\t<div class=\"elementor-widget-wrap elementor-element-populated\">\n\t\t\t\t\t\t<div class=\"elementor-element elementor-element-6e9695d elementor-widget elementor-widget-heading\" data-id=\"6e9695d\" data-element_type=\"widget\" data-widget_type=\"heading.default\">\n\t\t\t\t<div class=\"elementor-widget-container\">\n\t\t\t\t\t<h2 class=\"elementor-heading-title elementor-size-default\">Hj\u00e4lp med belysning i bost\u00e4der utomlands<\/h2>\t\t\t\t<\/div>\n\t\t\t\t<\/div>\n\t\t\t\t\t<\/div>\n\t\t<\/div>\n\t\t\t\t\t<\/div>\n\t\t<\/section>\n\t\t\t\t<section class=\"elementor-section elementor-top-section elementor-element elementor-element-c9c3bf2 elementor-section-boxed elementor-section-height-default elementor-section-height-default\" data-id=\"c9c3bf2\" data-element_type=\"section\">\n\t\t\t\t\t\t<div class=\"elementor-container elementor-column-gap-default\">\n\t\t\t\t\t<div class=\"elementor-column elementor-col-100 elementor-top-column elementor-element elementor-element-14926b2\" data-id=\"14926b2\" data-element_type=\"column\">\n\t\t\t<div class=\"elementor-widget-wrap elementor-element-populated\">\n\t\t\t\t\t\t<div class=\"elementor-element elementor-element-aecef50 elementor-widget__width-initial elementor-widget elementor-widget-text-editor\" data-id=\"aecef50\" data-element_type=\"widget\" data-widget_type=\"text-editor.default\">\n\t\t\t\t<div class=\"elementor-widget-container\">\n\t\t\t\t\t\t\t\t\t<p>Likt vid en belysningskonsultation online s\u00e5 inleder jag g\u00e4rna en konsultation av er bostad utanf\u00f6r Sverige med ett webbm\u00f6te d\u00e4r du \u00e4r p\u00e5 plats i bostaden. Via ett videosamtal f\u00e5r vi enkelt en \u00f6verblick av ert belysningsbehov. Det \u00e4r inte alltid helt l\u00e4tt att navigera i ett nytt land med ett nytt spr\u00e5k, och ofta anv\u00e4nds ett mycket kallare ljus \u00e4n vad vi \u00e4r vana vid i Skandinavien. \u00c4ven eldragningar m.m. brukar kunna se lite annorlunda ut.\u00a0<a href=\"https:\/\/www.2700kelvin.se\/home\/referenser\/\">Referenskunder<\/a>\u00a0finns i Danmark, Spanien samt Malaysia och goda kontakter f\u00f6r ink\u00f6p finns.\u00a0<span style=\"letter-spacing: 0px; word-spacing: 0.1em;\">Kontakta mig f\u00f6r prisf\u00f6rslag.<\/span><\/p><p>Uppdraget anpassas och utf\u00f6rs efter dina \u00f6nskem\u00e5l.<\/p><p>Kontakta oss p\u00e5 info@2700kelvin.se eller ring +46 702 000 592.<\/p><p>Inspiration om ljuss\u00e4ttning finns p\u00e5\u00a0<a style=\"color: #000000;\" href=\"https:\/\/www.2700kelvin.se\/home\/blogg-inred-med-ljus-ljusblogg-med-ljustips\/\">ljus- bloggen<\/a><\/p><p>Publicerade artiklar finns under\u00a0<a style=\"color: #000000;\" href=\"https:\/\/www.2700kelvin.se\/home\/press\/\">Press<\/a><\/p>\t\t\t\t\t\t\t\t<\/div>\n\t\t\t\t<\/div>\n\t\t\t\t\t<\/div>\n\t\t<\/div>\n\t\t\t\t\t<\/div>\n\t\t<\/section>\n\t\t\t\t<\/div>\n\t\t","protected":false},"excerpt":{"rendered":"<p>Hj\u00e4lp med belysningskonsultation f\u00f6r dig som privatperson, antingen p\u00e5 plast i Stockholm med omnejd eller online. Vi anpassar oss helt utifr\u00e5n vad just er bostad beh\u00f6ver och era specifika belysningsbehov och \u00f6nskem\u00e5l. I belysningsplaneringen tas h\u00e4nsyn till interi\u00f6r eller exteri\u00f6r. 2700 kelvin \u00e4r leverant\u00f6rsoberoende d\u00e4r m\u00e5let \u00e4r att f\u00f6rb\u00e4ttra ljuss\u00e4ttning, och inte f\u00f6rs\u00e4ljning av lampor. Dock har jag ett mycket gott samarbete med v\u00e4lsorterade lampbutiker och webbutiker, liksom duktiga elektriker om det skulle beh\u00f6vas. Tveka inte att h\u00f6ra av dig! \u00a0 Belysningskonsultation p\u00e5 plats i befintlig bostad Med begr\u00e4nsade insatser i b\u00e5de tid och kostnader g\u00e5r det att skapa funktionell och trivsam belysning. Konsultationen tar 1 \u2013 1.5 timme d\u00e4r vi tillsammans diskuterar hur man p\u00e5 b\u00e4sta s\u00e4tt nyttjar bostadens naturliga ljus och f\u00f6ruts\u00e4ttningar, som s\u00e5klart med familjens behov som fokus och utg\u00e5ngspunkt. Vi tittar p\u00e5 ljuss\u00e4ttning och ljusk\u00e4llor och ni f\u00e5r f\u00f6rslag p\u00e5 typ av armaturer. Troligen har ni idag armaturer som kan anv\u00e4nds fram\u00f6ver men eventuellt b\u00f6r ocks\u00e5 nya anskaffas. Om s\u00e5 \u00f6nskas kan ni efter konsultationen f\u00e5 en kort skriftlig sammanfattning. Vi kan \u00e4ven ta nytt m\u00f6te i lampbutik, och d\u00e4r vi tillsammans tittar p\u00e5 armaturer. \u00a0 Pris f\u00f6r belysningskonsultation i befintlig bostad Pris fr\u00e5n 4 100kr.\u00a0Kontakta [&hellip;]<\/p>\n","protected":false},"author":1,"featured_media":3819,"parent":0,"menu_order":0,"comment_status":"closed","ping_status":"closed","template":"","meta":{"_acf_changed":false,"_mo_disable_npp":"","om_disable_all_campaigns":false,"_monsterinsights_skip_tracking":false,"_monsterinsights_sitenote_active":false,"_monsterinsights_sitenote_note":"","_monsterinsights_sitenote_category":0,"_uf_show_specific_survey":0,"_uf_disable_surveys":false,"_themeisle_gutenberg_block_has_review":false,"footnotes":""},"class_list":["post-25","page","type-page","status-publish","has-post-thumbnail","hentry"],"acf":[],"aioseo_notices":[],"_links":{"self":[{"href":"https:\/\/www.2700kelvin.se\/home\/wp-json\/wp\/v2\/pages\/25","targetHints":{"allow":["GET"]}}],"collection":[{"href":"https:\/\/www.2700kelvin.se\/home\/wp-json\/wp\/v2\/pages"}],"about":[{"href":"https:\/\/www.2700kelvin.se\/home\/wp-json\/wp\/v2\/types\/page"}],"author":[{"embeddable":true,"href":"https:\/\/www.2700kelvin.se\/home\/wp-json\/wp\/v2\/users\/1"}],"replies":[{"embeddable":true,"href":"https:\/\/www.2700kelvin.se\/home\/wp-json\/wp\/v2\/comments?post=25"}],"version-history":[{"count":151,"href":"https:\/\/www.2700kelvin.se\/home\/wp-json\/wp\/v2\/pages\/25\/revisions"}],"predecessor-version":[{"id":4319,"href":"https:\/\/www.2700kelvin.se\/home\/wp-json\/wp\/v2\/pages\/25\/revisions\/4319"}],"wp:featuredmedia":[{"embeddable":true,"href":"https:\/\/www.2700kelvin.se\/home\/wp-json\/wp\/v2\/media\/3819"}],"wp:attachment":[{"href":"https:\/\/www.2700kelvin.se\/home\/wp-json\/wp\/v2\/media?parent=25"}],"curies":[{"name":"wp","href":"https:\/\/api.w.org\/{rel}","templated":true}]}}